ive r(1).
14
Let p(c) be the second derivative of 10*c + 3/2*c**2 + 0 - 1/6*c**3. Calculate p(4).
-1
Let a(y) be the third derivative of -y**4/12 + 4*y**3/3 + 3*y**2 - 6. What is a(6)?
-4
Let n be -6*((-28)/(-21) - 2). Let r(y) = -y**3 + 5*y**2 - 3*y. Give r(n).
4
Let a be 1/3 + (-4)/(-6). Let t be 7 + a/(1/(-2)). Let j = t + -10. Let p(g) = g**2 + 7*g + 2. Calculate p(j).
-8
Let s(h) = -h + 15. Let q(u) = u**3 + 12*u**2 + 10*u - 7. Let b(r) = r**2 - 1. Let n(z) = -4*b(z) + q(z). Let v be n(-6). Calculate s(v).
6
Let c(s) be the third derivative of s**5/60 - s**3/2 + s**2. Let i(m) = -3*m**2 + 11 - m**2 - 5 - m - 3 + 3*m**2. Let k(d) = -3*c(d) - 4*i(d). Give k(-5).
2
Let t(j) = j**3 + j + 1. Let b(l) = 2*l**3 - 6*l**2 - 3*l - 2. Let y(f) = b(f) - 3*t(f). Let s = 1 + 34. Let w be (-2*1)/(14/s). Determine y(w).
0
Let y be (-4)/(-10) + 36/10. Let d(j) = y*j**2 + 1 - 2*j - 2*j**2 - 7*j**3 + 0*j**2 - j**2. Calculate d(1).
-7
Suppose 0 = 2*o + 3*z - 2*z - 12, -5*o + 4*z = -17. Suppose 0 = -6*j + 3*j - 5*g + 19, o*j + 30 = 4*g. Let u(i) = 7*i**2 + 4*i + 2. What is u(j)?
22
Let y(s) = -6*s + 4. Let c = -7 + 7. Let n = c - -3. Let o(q) = q - 1. Let j(u) = n*y(u) + 12*o(u). Determine j(1).
-6
Let z(d) = -254*d + 22 - d**3 + 254*d. Calculate z(0).
22
Let g(f) be the first derivative of -f**4/4 - 5*f**3/3 + 7*f**2/2 - f + 12. Calculate g(-6).
-7
Let d(i) = i - 9. Let j(g) = -g**2 - 8*g - 7. Suppose -2*u = -4*u - 8. Let z be j(u). Give d(z).
0
Let b(o) = o**2 + 16*o - 17. Suppose 6*u = 203 - 281. What is b(u)?
-56
Let y(a) = a**2 - 5*a - 4. Let v(s) be the second derivative of s**5/20 + 2*s**4/3 - 11*s**3/6 - 6*s**2 - 15*s. Let f be v(-9). What is y(f)?
2
Suppose -4*b - 2*o = 328, -b - 4*o - 21 = 61. Let g be b/26 + (-150)/39 + 4. Let q(u) = u**2 - 3. What is q(g)?
6
Let v(i) = i**2 - 5*i - 6. Let h be v(6). Let p(c) = c**2 - c + 10. Give p(h).
10
Let j = 59 - 92. Suppose 0 = -2*u + 2*b - b + 56, 3*b = 0. Let h = u + j. Let a(n) = n**2 + 7*n + 7. Determine a(h).
-3
Let s = 0 + 6. Suppose -v = 3, v + 7 = s*p - 2*p. Let a(t) = -12*t + 1. Determine a(p).
-11
Let j be -3*((-22)/6 + 3) + 0. Let k(f) = 10*f**3 - j - 2*f - 48*f**2 - 9*f**3 + 51*f**2. Determine k(-3).
4
Let r(w) be the third derivative of -w**6/360 + 7*w**5/120 - w**4/4 - 24*w**2. Let m(i) be the second derivative of r(i). What is m(8)?
-9
Let z = 64 - 58. Let y(q) = -q**2 - 232 + 234 + q - z*q. Give y(-5).
2
Let a(r) = -5*r**3 + r**2 + r - 1. Let v be a(1). Let w be (-15)/1*v/10. Let n(q) = -26*q + 27*q - 10 + 3. Calculate n(w).
-1
Let f(v) = 4*v**3 - v - 7. Let u(g) = -g**3 + g**2 + 1. Let j(x) = f(x) + 3*u(x). Give j(-3).
-1
Let m(s) = -12280*s + 12267*s + 2*s**2 + 20 - s**2. Calculate m(11).
-2
Let z(w) = -9*w**2 + 42*w**2 - 10*w - 20*w**2 + 21 - 14*w**2 - 3. Determine z(-14).
-38
Suppose -49*q + 51*q = 0. Let y(o) = -5*o**2 - 5*o - 15. Let b(a) = -2*a**2 - 2*a - 5. Let z(w) = 8*b(w) - 3*y(w). Give z(q).
5
Let l(g) = -6*g - 1. Let k be 2/((1/5)/(10/25)). Let p(d) = 6*d + 1. Let r(u) = k*p(u) + 3*l(u). Give r(-1).
-5
Suppose l - 6 = 4*l. Let k(o) be the first derivative of -3*o**5/20 - o**4/3 - o**3/2 - o**2 - 12*o + 4. Let f(y) be the first derivative of k(y). Give f(l).
12
Let t(j) = j**3 + 7*j**2 - j - 6. Let s be t(-7). Let g(q) = -3*q**2 + q - 1. Determine g(s).
-3
Let a = 1858 + -1863. Let q(f) = 2*f**2 + 3*f + 6. Calculate q(a).
41
Let d(t) = t**3 + 3*t**2 - 4*t - 1. Suppose 6*i + 0 - 18 = 0. Let r be (i + -1)/(3/(-6)). Calculate d(r).
-1
Suppose 5*f - 56 = -4*z, 5*z + 8 = 3*f + z. Let u(m) = 4*m - 9. Let q(v) = -v + 1. Let w(s) = -3*q(s) - u(s). What is w(f)?
-2
Let l(o) = -o**2 - 5*o - 7. Suppose -3*g - 13 = 2*c - 0*c, 5*g = 5*c - 5. Give l(g).
-1
Suppose 2*y + 4 = 10. Suppose c - 1 = 0, -5*c + y = -2*v - 8. Let f(a) = a**2 + 4*a + 2. Calculate f(v).
-1
Suppose x = 20 - 24. Suppose 8 = 7*p - 6. Let y(q) = -6*q + 10*q + q + q**p + 1 + 0*q. Determine y(x).
-3
Suppose 24 = -5*d - 2*a, -d = -2*a + 6*a - 6. Let i(u) be the second derivative of -u**3/6 - 3*u**2 + u. Give i(d).
0
Let q(g) be the third derivative of g**4/2 - g**3/6 + 26*g**2 + 2. Give q(-1).
-13
Suppose 5*r + 5*o = 45, 5*r - o = 3*o. Let v(m) = 2*m**2 + 3 - 3*m**2 - r - 7*m. Suppose 2*y = b - 17, 0*b - 25 = -5*b. What is v(y)?
5
Suppose j + a - 2 = 0, 4*j + 5*a - 7 = -0*j. Suppose 0 = 2*k + d - 11 + 3, -3*k = j*d - 9. Let m(u) = -2 + 0 - 2*u + 2. Give m(k).
-10
Suppose -95 + 59 = -6*g. Let u(j) = -j**3 + 7*j**2 - 6*j + 1. Calculate u(g).
1
Let o be 4 + (-3 - -6) + -4. Suppose k + 3*k = 8. Let i(a) = -a**k - 4*a + 4*a - 4. Give i(o).
-13
Let p(s) = s**3 + s**2 + s + 2. Let z = -108 + 106. Calculate p(z).
-4
Suppose 10 - 32 = t. Let w = 24 + t. Suppose 4*x - o + 18 = -3*o, 5*x - w*o + 9 = 0. Let y(a) = a**3 - 4*a - 1. Calculate y(x).
-16
Let u = 33 - 26. Let w(z) = 2*z - 14. Let g be w(u). Let c(q) = -q**2 - q - 2. Calculate c(g).
-2
Let z(i) = -21*i**3 + 14*i - 7. Let g(a) = -11*a**3 + 8*a - 4. Let o(d) = 5*g(d) - 3*z(d). Suppose -p + 7 = 4*h - 0*h, -3*h + 2*p = 3. Determine o(h).
7
Suppose 34 + 33 = -z. Let p = z - -71. Let s(b) = b**2 - 5*b + 3. Give s(p).
-1
Let f(x) = x + 19. Suppose -38 = 3*d + r, -4*d + 6*r = 5*r + 46. What is f(d)?
7
Let q be (2 - 0 - 5)*1. Let i(b) = 16*b - 23*b + 2 + 6*b. Calculate i(q).
5
Let j be (-6)/(-8) - 41/(-4). Suppose 9*v = j*v - 8. Let u(g) be the third derivative of g**5/60 - g**4/4 + g**3/6 - g**2. What is u(v)?
-7
Let t(n) be the second derivative of -n**4/12 - n**3/6 - 18*n**2 - 22*n. Calculate t(0).
-36
Let p(m) = -5*m**2 - m + 12. Let a(b) = 6*b**2 + 2*b - 14. Let u(l) = -6*a(l) - 7*p(l). Calculate u(-6).
-6
Suppose 7*m = 17*m + 910. Let b = m + 85. Let l(n) = -n**3 - 6*n**2 + 2*n - 3. Determine l(b).
-15
Let z(u) be the first derivative of -11*u**4/4 + u**2 - u + 3. Suppose 3*i - 4*y - 23 = 0, 5*y = 2*i + 9*y + 18. Determine z(i).
-10
Let s be (-4)/(-2)*3/(-6). Let p be -2*(-1)/(s/(-1)). Let j(t) = -2*t - 5 + t - t**p - 6*t. Calculate j(-4).
7
Let n(w) = 2*w**3 + w + 1. Let j(m) = m**3 + 19*m**2 + 16*m - 35. Let c be j(-18). Let r be (-3 + (-2)/(-1))/(2 - c). Give n(r).
-2
Let f(x) = -x + 4. Let g(r) = r**2 - 4*r + 7. Let q be g(2). Give f(q).
1
Let q = 9 - 14. Let d(y) = y - 5. Let b be d(q). Let a(z) = -z**2 - 11*z - 12. Let c be a(b). Let x(r) = -2*r. Calculate x(c).
4
Let b(w) = -11*w + 7. Let c(g) = -8*g + 6. Let f(y) = -3*b(y) + 4*c(y). What is f(0)?
3
Suppose -2*z - 16 = 2*z, -2*z + 24 = 4*m. Let f(p) = -p**3 + 7*p**2 + 11*p - 11. Let i be f(m). Suppose -8 + i = a. Let h(v) = v**2 - 6*v + 5. What is h(a)?
0
Let t = 11 - 23. Let i be (t/(-7))/((-4)/(-14)). Suppose -w - i = -4. Let q(g) = -g**2 - 5*g - 1. Calculate q(w).
5
Let r(z) = z**2 + 6*z - 6. Let s = 24 + -30. Let c be r(s). Let u(j) = j - 2*j + 14 + 2*j. What is u(c)?
8
Let w(m) = 41*m + 167. Let z be w(-4). Let x(b) be the first derivative of -1/3*b**z - 5/2*b**2 + 1 - 3*b. Calculate x(-2).
3
Let s(d) = -9 - d**3 + 11 - 18*d + 5*d**2 + 13*d. Let y be ((-1)/(-4))/((-4)/16). Let i = 3 - y. What is s(i)?
-2
Let o(i) = 3 - 27 + 16*i + 16 + 7. Calculate o(-3).
-49
Let j(f) = f**2 - f - 17. Let v(n) = n**3 - 4*n**2 + 4*n + 1. Let l be v(3). Let z be j(l). Let m(x) = -5*x + 2*x - 1 + x. Calculate m(z).
9
Let x(f) = 8*f**2 + 1. Let z(b) = -3*b - 12. Let p be z(-5). Suppose 2*k + 4*q + 14 = 0, -5*k + p*k = -2*q - 4. Calculate x(k).
9
Let f(s) = 4*s**3 + 10*s**2 - 5*s - 2. Let a(d) = -3*d**3 - 10*d**2 + 4*d + 4. Let m(x) = 5*a(x) + 4*f(x). What is m(10)?
12
Let i(v) be the third derivative of v**4/24 - 2*v**3/3 - 17*v**2. Let a(j) = -5*j + 25. Let c(n) = 4*a(n) + 25*i(n). Calculate c(2).
10
Let i = 656 - 668. Let x(b) = b**3 + 12*b**2 + 3*b + 30. What is x(i)?
-6
Let j(h) = h - 5. Let w(s) = 5*s**2 - 47*s + 25. Let k be w(9). What is j(k)?
2
Let t(w) = w - 1. Let l(r) = -9*r. Let x(n) = -l(n) - 6*t(n). Suppose 4*h - 2*m = 9*h + 17, 0 = -h - 6*m + 19. Calculate x(h).
-9
Let i(x) = x**2 - 4*x. Let r(a) = 5*a**2 - 3*a + 12. Let v(n) = 4*i(n) - r(n). Give v(-13).
-12
Let z(f) = 9*f - 1. Let i be -3 + (-3)/(-1) - 1. Let h(k) = -k. Let v(q) = i*z(q) - 5*h(q). Suppose -5*b + 12 - 22 = 0. What is v(b)?
9
Let m(y) = y**3 - y**2 + y - 1. Let o(f) = 7*f**2 + 9. Let b(h) = -m(h) - o(h). Give b(-6).
-2
Let x(s) = -s. Let f(c) = 4*c - 9. Le